004. Is q prime?
True
Let m(g) = -187*g**3 + g**2 + g + 1. Let u be m(-2). Suppose 0 = -5*r + 4*q + u + 2536, q - 816 = -r. Is r composite?
False
Suppose -3*z = z - 528. Suppose -64 - z = -2*n. Let a = n + 65. Is a a composite number?
False
Let h(l) = l + 21. Let f be h(-6). Is (-82)/(1 + (-25)/f) a composite number?
True
Let u(w) be the third derivative of w**6/360 - w**5/40 + w**4/6 + w**3/3 + 7*w**2. Let r(d) be the first derivative of u(d). Is r(6) prime?
False
Is ((-6)/(-18))/(1/8691) prime?
True
Let f(h) = 4*h**2 + 10 + 9*h + 2 - 5. Is f(-13) composite?
True
Let i = 94 - 401. Let d = i - -1350. Is d prime?
False
Let n = -6911 - -19956. Is n a composite number?
True
Is ((-74)/8)/(5679/(-516) + 11) a composite number?
True
Let j be (-1 + (-9)/(-6))*0/2. Suppose j = -13*q + 12*q + 123. Is q a composite number?
True
Let c(g) = -g**3 + 24*g**2 - 21*g - 97. Is c(21) prime?
False
Suppose 47 = 4*s + 15. Suppose 7*g - 4*g - 4*h = -19, 2*h = s. Is g + 2/1 + 148 composite?
False
Let q(o) = -3 + 9*o + o**3 + 2 + 11*o**2 - 9. Let n be q(-9). Suppose -8*c - n = -9*c. Is c a prime number?
True
Let p(q) = -51*q**3 - 7*q + 1. Suppose -10*d + 16*d = -18. Is p(d) a prime number?
True
Let z(a) = -5 - 3*a**2 + 6*a**2 - 4*a**2 - 22*a**3 - 5*a. Let r be 7*(182/49 - 4). Is z(r) prime?
False
Suppose 29*u - 456155 = -6*u. Is u a composite number?
False
Let g = 4 + -11. Let p be (48/84)/((-2)/g). Suppose p*s + s - 3*q = 621, 4*s - 820 = 2*q. Is s prime?
False
Let k = 21312 - 11335. Is k composite?
True
Let m(i) = i**3 + 7*i**2 + 4*i + 6. Let d be m(-7). Let u = 22 + d. Is (-276)/(-8)*(u + 2) prime?
False
Suppose 0 = -10*x + 5*x - 65. Let v be 1/1 + (-12 - x). Suppose -147 = -v*n - 29. Is n a composite number?
False
Suppose -63*y + 53*y + 1003970 = 0. Is y prime?
False
Let y be ((-1)/(-5) - -1)*-5. Let a(t) = -2*t + 5*t + 7 - 5*t. Is a(y) a composite number?
False
Let x = 21823 - 12512. Is x prime?
True
Let b(x) = -5*x**3 + 6*x**2 + 3*x + 65. Is b(-7) composite?
False
Suppose 0*m - 3*m - 18 = 2*f, -16 = 2*f + 2*m. Is 43220/(-30)*f/8*2 a composite number?
False
Let z(q) = -6*q. Let v be z(2). Is (v/(-28) - 4040/(-14))/1 prime?
False
Suppose -j + 55 = -273. Suppose l = -j + 1410. Let f = 2233 - l. Is f a composite number?
False
Suppose -5*j + 25 = 0, -3*o - 4*j + 6*j = -257. Is o a prime number?
True
Suppose -h = 2*h - 4*k - 20, -4*h = 2*k - 12. Let a = 0 + h. Suppose 0*o = -a*o + 40. Is o composite?
True
Is 11/(11/328) + 3 prime?
True
Suppose 12 = 3*o - o - t, 3*o = t + 17. Suppose -o*y = 171 - 1226. Is y composite?
False
Let t(n) = -n**3 - 23*n**2 - 38*n - 57. Let f be t(-23). Let r(o) = -114*o. Let w be r(1). Let d = f + w. Is d composite?
True
Let d be ((-7)/(-2))/((-4)/(-8)). Let z(w) = w**2 + d - 8*w + 9*w + 30*w**2. Is z(-4) a composite number?
False
Let f = -6006 + 11392. Is f prime?
False
Suppose -2850 = -12*f + 7818. Is f composite?
True
Suppose -2*x + o + 10 = 0, -x + 5 = -2*o - 0*o. Suppose t + 4*y - 16 = -0*t, -5*t - x*y = -35. Suppose 2*a + h = -0*a + 321, -t*h = 5*a - 807. Is a prime?
False
Let g(j) = j**3 + 7*j**2 + 1. Let o(w) = 2*w**3 + 13*w**2 + w + 2. Let z(a) = 11*g(a) - 6*o(a). Is z(-9) a prime number?
True
Is 1/5 + (-2029968)/(-185) prime?
True
Let u = 44 + -40. Is 1743 + (0 + -3)/((-6)/u) composite?
True
Suppose 3 = 5*l - 2. Suppose 0*n - l = -n. Is (16 + 6)*(n - 0) prime?
False
Let w be 0 - 2/4 - 27/(-6). Suppose -i = -2, 4*d + w*i = 8428 - 3040. Is d a composite number?
True
Suppose 6*y - 34933 = 7973. Is y prime?
True
Suppose 3*i = -5*l + 117, 142 = -i + 5*i + 2*l. Let k = i + 459. Suppose 5*x + k = 4*c, 0 = 3*c + 3*x - 6*x - 372. Is c composite?
False
Suppose 2*c + 102 = 2*a, c = 2*a + 2*a - 42. Let p be 12/c + 7/(-9). Is (-2 - p - -86) + 2 prime?
False
Let k(f) = -f**3 - 16*f**2 - 22*f - 3. Let j be k(-16). Let i = j + 100. Is i composite?
False
Suppose 4*d - 3*k + 6*k - 17 = 0, 0 = -d + 3*k - 7. Suppose 1228 = d*m + 3*c, 5*m - 2*c - 3051 = -0*m. Is m a composite number?
True
Suppose -4*l + 3*l = -1, -i = 3*l + 1039. Let b = i - -1505. Is b prime?
True
Suppose 33*v = 37*v + 2*n - 8932, 12 = 3*n. Is v prime?
False
Suppose 0 = 2*i + 6, 9*y - i - 5998 = 4*y. Is y composite?
True
Suppose -2821 = -5*c + 2689. Suppose 3806 + c = 4*v. Is v a prime number?
False
Let y be ((-1)/(-4))/((-11)/(-44)). Let x be y*-1 - (-73 - 7). Suppose -3*b + 158 = -x. Is b a composite number?
False
Suppose -3 = 2*s - 13. Suppose 27 = -s*l - z, 2*z - 9 = -z. Let y(o) = 3*o**2 + 9*o + 4. Is y(l) a composite number?
True
Suppose 0 = -2*a - 2 + 6. Suppose -4*j = a*j - 5370. Suppose -2*o - j = -7*o. Is o prime?
True
Let w(j) = -j**3 - 2*j**2 - j + 3. Let z be w(-2). Suppose -9 - 15 = -b. Is b/40 - (-432)/z prime?
False
Let k(v) = v**2 + 11*v + 23. Let w(n) = -n**2 - 11*n - 23. Let y(p) = 4*k(p) + 3*w(p). Is y(-11) a prime number?
True
Suppose 360196 = 4*v + 30*v. Is v a prime number?
False
Suppose 439 - 7623 = -16*w. Is w composite?
False
Let q(f) = 434*f**2 - 7*f - 56. Is q(-7) composite?
True
Let g be 21/(-35) - 36/(-10). Suppose -4314 = -4*t - 3*p, -g*p - 3227 = -3*t - p. Is t prime?
False
Let g(a) = -3*a**3 - 12*a**2 + 3*a - 7. Suppose -3*v - 24 = v. Is g(v) composite?
False
Suppose -4*g + 0 - 6 = -2*l, 4*l = -4*g - 36. Is 46 + (0 - (l/(-1) - 2)) a composite number?
False
Suppose -4*d - 57461 = w - 6*w, -d - 4 = 0. Let m = -5948 + w. Is m a prime number?
False
Let l(g) = 2*g**2 + 3*g - 14. Let s be l(12). Let p = s + 331. Is p composite?
False
Let l = -11497 + 24270. Is l a composite number?
True
Let b(w) = -w**3 - 7*w**2 + 8*w + 11. Let s = -9 + 1. Is b(s) a composite number?
False
Suppose -62*l = -56*l - 39594. Is l a composite number?
False
Let v(c) = c - 30. Let u be v(-17). Let q = u - -742. Is q a composite number?
True
Let d(n) = -87*n - 26. Is d(-9) composite?
False
Let c = 6 + -14. Let i be (-6)/(-24) - (-2962)/c. Let l = -189 - i. Is l a composite number?
False
Suppose -u + 0*g + 8480 = 4*g, -4*u = 3*g - 33959. Let w = u - 4633. Is w a composite number?
True
Let l = 2371 - 1304. Is l a prime number?
False
Let y(m) = -m**3 - 4*m**2 - 5*m - 3. Let x be y(-3). Suppose -c + x = -4*p, 2*c + 2*c + p = 97. Is c/((-1)/52*-4) composite?
True
Let n(y) = 1823*y**2 + y - 8. Is n(2) a prime number?
False
Let z = -8 + 14. Let v(l) = l - 4. Let r be v(z). Suppose -r*q - 3*c + 303 = -8*c, 2*q - c = 315. Is q a composite number?
True
Suppose 8*t = -t + 104121. Is t a composite number?
True
Let m(k) = 20 + 2*k + 4*k**2 - 3*k**2 + 1193 + k**3. Let t be m(0). Suppose -t = -5*n - 98. Is n composite?
False
Let r = 19 + 0. Suppose -22*b + r*b + 669 = 0. Is b a composite number?
False
Suppose -5*f + 3*f = 0. Let s = 278 - 126. Suppose f*n = 4*d + n - 595, d - 3*n - s = 0. Is d composite?
False
Suppose -10967 = -3*y - 2276. Is y a composite number?
False
Suppose -r = -14*m + 10*m - 865, -r + 3*m + 868 = 0. Is r composite?
False
Let i be 10/(2 + 0) + -3. Let f be (24/30)/(i/(-5)). Let x(p) = -7*p**3 - p**2 - 2*p - 3. Is x(f) a composite number?
False
Let u(s) = s**3 - 2*s**2 + 2*s - 1. Let f be u(1). Suppose f = -5*d + 497 + 78. Is d composite?
True
Let l = 2882 + -1725. Is l a prime number?
False
Suppose -2*p = 2*p - 32. Suppose 28 = q - 0*q + 5*b, q + b = p. Suppose -5*o - 208 = -k, 0*k - 5*o = q*k - 684. Is k a prime number?
True
Suppose 3*t = 2*t + 5. Suppose 0 = t*s - 6*s + 262. Is s a composite number?
True
Let b(f) = -f**3 - 3*f**2 + f + 2. Let c be b(-1). Let o(z) be the third derivative of 323*z**5/60 + z**4/24 + z**3/6 - 4*z**2. Is o(c) composite?
True
Suppose -2*w + 15 = -7*w, -2*w = -4*v + 38. Is (v/(-4))/(6/(-1563)) a prime number?
True
Let y(s) = -390*s - 7. Let h = 52 + -58. Is y(h) a prime number?
True
Is ((-1155)/2 + 2)/((-4)/40) a prime number?
False
Let k(g) = g - 4. Let h be -4 + (-2 - -1)*-8. Let z be k(h). Is (-83 - z)*(-3)/3 a composite number?
False
Suppose -5*u = 130 + 60. Let w = 45 + u. Suppose -11*o = -w*o - 1164. Is o composite?
True
Let f(z) = 801*z**2 + z + 1. Is f(4) a prime number?
True
Let f(r) = -5*r**3 + 2*r**2 - 8*r - 1. Let p be f(-7). Is p/10 + (-15)/(-75) a composite number?
True
Let w = 36 + -12. Let c = -25 + w. Is (-18 + -1)/(c/1) composite?
False
Is (-2)/(-4) + (-8 - 30618/(-4)) a composite number?
True
Suppose 0*p - 7*p = -136185. Su